 greatest common divisor of 7474 and 222?
74
Calculate the highest common factor of 140 and 1088.
4
Calculate the highest common divisor of 2 and 22.
2
Calculate the greatest common divisor of 310 and 5115.
155
Calculate the highest common divisor of 172 and 43.
43
What is the highest common factor of 7 and 294?
7
What is the highest common divisor of 345 and 45?
15
Calculate the greatest common divisor of 20045 and 57.
19
Calculate the greatest common divisor of 93 and 217.
31
What is the greatest common factor of 407 and 37?
37
Calculate the highest common factor of 248 and 4650.
62
What is the highest common factor of 27 and 4770?
9
What is the highest common factor of 464 and 112?
16
Calculate the greatest common divisor of 84 and 2016.
84
What is the greatest common factor of 9 and 1107?
9
Calculate the greatest common divisor of 209 and 649.
11
What is the highest common divisor of 24 and 408?
24
What is the highest common factor of 2108 and 68?
68
What is the highest common divisor of 1016 and 17018?
254
Calculate the highest common factor of 100 and 2725.
25
What is the highest common factor of 322 and 392?
14
What is the highest common divisor of 2450 and 150?
50
What is the greatest common divisor of 1205 and 10?
5
Calculate the highest common factor of 43618 and 452.
226
What is the highest common factor of 99 and 55?
11
Calculate the greatest common factor of 12563 and 17.
17
Calculate the greatest common divisor of 19782 and 18.
18
Calculate the highest common factor of 15 and 1970.
5
What is the highest common factor of 27 and 144?
9
Calculate the highest common factor of 48 and 144.
48
Calculate the greatest common divisor of 28 and 6286.
14
What is the highest common divisor of 648 and 24?
24
Calculate the highest common divisor of 7 and 133.
7
What is the highest common factor of 63 and 63?
63
What is the highest common divisor of 272 and 12274?
34
What is the greatest common divisor of 6655 and 5?
5
Calculate the highest common factor of 3312 and 12006.
414
What is the highest common divisor of 90 and 288?
18
What is the greatest common factor of 15136 and 1720?
344
Calculate the greatest common factor of 976 and 1403.
61
Calculate the highest common factor of 2905 and 49.
7
What is the highest common divisor of 23491 and 169?
169
What is the highest common factor of 1192 and 8?
8
What is the highest common factor of 512 and 32?
32
Calculate the highest common divisor of 3264 and 144.
48
What is the highest common factor of 30 and 315?
15
What is the greatest common divisor of 4 and 443?
1
Calculate the greatest common factor of 45 and 9.
9
What is the greatest common factor of 4 and 6?
2
Calculate the highest common factor of 1309 and 17.
17
What is the greatest common divisor of 45 and 138735?
45
What is the greatest common divisor of 3432 and 22?
22
What is the greatest common divisor of 22253 and 33?
11
What is the greatest common divisor of 44 and 32?
4
Calculate the highest common factor of 78 and 234.
78
What is the highest common divisor of 18 and 1278?
18
What is the greatest common factor of 57 and 95?
19
What is the highest common divisor of 325 and 50?
25
Calculate the greatest common divisor of 24 and 600.
24
What is the greatest common factor of 350 and 20?
10
Calculate the greatest common factor of 1350 and 20.
10
What is the highest common divisor of 418 and 456?
38
Calculate the greatest common divisor of 747 and 99.
9
What is the highest common divisor of 164 and 533?
41
Calculate the highest common divisor of 76 and 1852.
4
Calculate the greatest common divisor of 32 and 240.
16
Calculate the highest common divisor of 12 and 159.
3
Calculate the greatest common divisor of 46 and 345.
23
What is the highest common factor of 3 and 51?
3
What is the highest common divisor of 70 and 266?
14
Calculate the greatest common divisor of 6063 and 129.
129
Calculate the highest common divisor of 1352 and 988.
52
Calculate the greatest common factor of 47944 and 104.
104
Calculate the greatest common factor of 7 and 9.
1
Calculate the greatest common divisor of 69 and 253.
23
What is the greatest common factor of 360 and 50?
10
What is the highest common divisor of 126 and 98?
14
What is the greatest common divisor of 475 and 1349?
19
Calculate the greatest common divisor of 88 and 792.
88
Calculate the highest common factor of 12 and 3828.
12
What is the highest common divisor of 320 and 2624?
64
Calculate the greatest common divisor of 8 and 152.
8
Calculate the highest common divisor of 4 and 3.
1
What is the highest common divisor of 1356 and 108?
12
What is the greatest common factor of 4277 and 130?
13
What is the greatest common divisor of 341 and 22?
11
Calculate the highest common factor of 663 and 39.
39
What is the highest common factor of 39 and 36153?
39
Calculate the highest common factor of 37 and 5069.
37
What is the highest common factor of 1422 and 553?
79
What is the highest common factor of 16 and 176?
16
Calculate the highest common factor of 8442 and 126.
126
Calculate the highest common divisor of 1376 and 224.
32
What is the highest common divisor of 3315 and 4095?
195
Calculate the greatest common factor of 270 and 90.
90
What is the highest common divisor of 17102 and 34?
34
What is the highest common factor of 112 and 168?
56
What is the greatest common factor of 3 and 9?
3
Calculate the greatest common factor of 39 and 1911.
39
What is the greatest common divisor of 66 and 18678?
66
Calculate the greatest common divisor of 16711 and 17.
17
Calculate the highest common factor of 153 and 357.
51
What is the greatest common divisor of 675 and 375?
75
What is the greatest common factor of 492 and 72?
12
Calculate the greatest common factor of 320 and 688.
16
What is the highest common divisor of 44 and 55?
11
What is the highest common factor of 69 and 93?
3
What is the greatest common factor of 129 and 29369?
43
What is the greatest common factor of 66 and 506?
22
Calculate the highest common divisor of 48 and 120.
24
What is the highest common factor of 40 and 40?
40
Calculate the highest common divisor of 2496 and 39.
39
Calculate the greatest common divisor of 220 and 1940.
20
Calculate the highest common factor of 25 and 720.
5
Calculate the greatest common factor of 154 and 693.
77
What is the highest common factor of 155 and 505?
5
What is the greatest common factor of 924 and 21?
21
What is the highest common factor of 308 and 1876?
28
What is the greatest common divisor of 13182 and 13?
13
Calculate the greatest common factor of 3459 and 3.
3
Calculate the greatest common divisor of 231 and 2373.
21
Calculate the highest common factor of 9 and 10.
1
Calculate the highest common factor of 644 and 28.
28
Calculate the highest common divisor of 369 and 27.
9
What is the highest common divisor of 312 and 325?
13
Calculate the greatest common factor of 7198 and 590.
118
Calculate the greatest common factor of 59 and 2773.
59
Calculate the highest common divisor of 15 and 45.
15
Calculate the greatest common factor of 45 and 20.
5
Calculate the highest common divisor of 4 and 8564.
4
What is the highest common factor of 1204 and 5590?
86
What is the highest common factor of 2660 and 140?
140
Calculate the greatest common divisor of 23 and 92.
23
Calculate the highest common factor of 87 and 51.
3
What is the highest common divisor of 60 and 55?
5
Calculate the highest common factor of 31 and 496.
31
Calculate the greatest common divisor of 18477 and 45.
9
Calculate the highest common divisor of 39 and 1339.
13
What is the greatest common divisor of 8050 and 690?
230
What is the highest common divisor of 1161 and 18?
9
Calculate the greatest common divisor of 255 and 867.
51
Calculate the highest common factor of 375 and 30.
15
Calculate the highest common factor of 512 and 448.
64
What is the highest common factor of 27 and 54?
27
Calculate the highest common factor of 88 and 22.
22
Calculate the highest common factor of 8888 and 264.
88
What is the greatest common factor of 304 and 16?
16
Calculate the greatest common factor of 154 and 11.
11
What is the highest common divisor of 19075 and 5?
5
Calculate the highest common factor of 14 and 1792.
14
What is the greatest common divisor of 